*n. What is the units digit of n?
7
Let b(z) = 240*z - 54. What is the units digit of b(4)?
6
Suppose b + 0 = 4. Suppose b*t - 5*w = 315, 3 = 5*w - 2*w. What is the tens digit of t?
8
Let s = 35 - 20. Suppose -v = -s - 57. What is the tens digit of v?
7
Let o be ((-3)/3 + 1)*-1. Suppose -7 - 5 = -3*x. Suppose o = -5*m - z + 92, -x*z + 32 = 2*m - 6*z. What is the tens digit of m?
1
What is the units digit of ((-380)/57)/((-2)/24)?
0
Let h(b) = b**2 + 9*b + 12. Let i be h(-9). Let p(c) = c**3 - 12*c**2 + 9*c - 4. What is the units digit of p(i)?
4
Suppose -12 = -0*u - 2*u. Let z = -9 + 12. Suppose -t + l + u = 6*l, -z*t + 34 = -l. What is the tens digit of t?
1
Let f(l) = -340*l + 125. What is the units digit of f(-2)?
5
Suppose 3*z - 7*z = 20, 2*m = 2*z - 164. Let p = 157 + m. What is the tens digit of p?
7
Suppose -r - 4 - 6 = 0. Let c(d) = d**3 + 9*d**2 - 13*d - 14. Let x be c(r). What is the units digit of (x - 0)/(20/10)?
8
Suppose -y = 4*y - 10. Suppose -y*h + 5*h - 192 = 0. Let k = -36 + h. What is the units digit of k?
8
What is the hundreds digit of 274 + (5 - -3) - 0?
2
Suppose 204*x = 203*x + 759. What is the hundreds digit of x?
7
Suppose 1253 = 3*j + 2*a, 2*j = 3*j - 3*a - 436. What is the tens digit of j?
2
Suppose 0 = 3*z - 7*b + 12*b - 1453, b = -2*z + 971. What is the tens digit of z?
8
Let d(v) = v**2 - 12*v + 4. Let i be d(12). Let o = -2 + i. Suppose -26 = -o*r - 6. What is the units digit of r?
0
Let k = -7 - -14. Suppose 3*f - k*f + 44 = 0. What is the units digit of f?
1
Let s(p) = -p**2 + 5*p - 4. Let t be (5/5)/1 + 3. Let r be s(t). Let x(h) = -h**2 + 2*h + 23. What is the tens digit of x(r)?
2
Let x = -92 - -94. Suppose -91 + 381 = x*i. What is the hundreds digit of i?
1
Let t(i) = -i**3 + i + 79. Let c be t(0). Suppose -x = 3*w + x + c, 5*w - 3*x = -157. Let r = -20 - w. What is the units digit of r?
9
Let h(r) = -4*r + 52. Let f be h(10). Let w(i) = i**2 + 17*i + 3. What is the hundreds digit of w(f)?
3
Suppose 0 = -5*a + 4*v + 35, -4*a + v + 20 = a. Suppose -4 = -j, 3*j = 5*c - 2*c - a. What is the units digit of c?
5
Let i = -67 + 27. What is the units digit of ((-544)/i)/(2/10)?
8
Suppose -3*g + 7*g - 4 = 0, 2*s - 5811 = 5*g. What is the tens digit of s?
0
Suppose 1504 = 3*d - 3*j + 2*j, -4*d + 2007 = -3*j. What is the tens digit of d?
0
Let i = -67 - -80. Let h(v) = 3*v**2 - 29*v - 9. What is the units digit of h(i)?
1
Suppose -3*x + 239 - 11 = 0. Suppose 3*w = -3*d + 222, 0 = 2*d - 3*d - 3*w + x. What is the tens digit of d?
7
Suppose -y - 24 + 23 = 0. Let u be (434/(-8))/(y/(-4)). What is the units digit of (-24)/60 - u/5?
3
Suppose z + 4*x - 1360 = 0, 0 = 3*z - x + 5*x - 4104. Suppose 6*j = -j + z. What is the tens digit of j?
9
Let p = -10 - -382. Suppose 0 = -3*b + 7*b - p. What is the tens digit of b?
9
Let q be 194/3*(-12)/(-8). Let d = 145 - q. Suppose 4*l = 4*z - d, 3*z - 4*l = -0*z + 34. What is the tens digit of z?
1
Let o(f) = 156*f**2 + 2*f - 1. Suppose -2*k = -10, -5*v + 2*k + 3 = 8. What is the units digit of o(v)?
7
Let c(q) = -2*q + 6. Let l(k) = k + 1. Let t be l(3). Suppose -4*d - 18 = 4*v + 14, 0 = -t*d + 5*v - 41. What is the units digit of c(d)?
4
Suppose -68 = -4*d + 3*p, -p + 22 = d - 3*p. Suppose -d = j - 15. Suppose 5*z + 28 = 4*x - 5, -3*x = z - j. What is the units digit of x?
2
Suppose -3*x + 8 + 0 = -2*v, 0 = 2*x - 4*v. Suppose x*k = 8*k - 8. What is the units digit of k?
2
Let b(k) = 2*k - 14. Let l be b(12). Suppose v + 1 - l = 0. Let u(m) = -m**2 + 14*m + 4. What is the tens digit of u(v)?
4
Let t(w) = 6 + 8*w + 10 - 15. Let q be t(-1). Let a = q + 14. What is the units digit of a?
7
Let x = -24 + 306. What is the hundreds digit of x?
2
Let j be (7 - 0) + 1 + -4. Suppose -f - t = -6*f + 668, j*f + 2*t - 540 = 0. What is the units digit of f?
4
Let a be 3*(1 - 3/(-9)). Suppose 6 = -a*n + 34. Let w = n - 2. What is the units digit of w?
5
Let b(u) = 35*u**2 - 18*u - 30. What is the units digit of b(-7)?
1
Let n be (165/9)/((-6)/18). Let r = n - -135. Suppose -k + r = k. What is the tens digit of k?
4
Suppose -3*a - 1 = 23. Let i = a - -16. Suppose 3*y + 30 = i*y. What is the units digit of y?
6
Suppose 4*o - 301 = 5*w + 279, -3*o - w + 416 = 0. What is the units digit of o?
0
What is the units digit of 570 - -12*(-5)/15?
6
What is the tens digit of 54/(-198) + (-3556)/(-11)?
2
Let v(k) = 25 + k - 25. Let b be v(-6). What is the tens digit of (-7)/(9/b - -1)?
1
Let t = 150 - 60. Let n = 14 + t. What is the hundreds digit of n?
1
Suppose -13 = i + 4*k, 0*i - 3*i + 2*k + 17 = 0. Suppose 0 = -6*l + i*l. Let y = 28 - l. What is the units digit of y?
8
Let o(p) = p**3 - 38*p**2 - 51*p + 81. What is the thousands digit of o(40)?
1
Suppose 1 = -x - 1, -4*f = 5*x + 1670. What is the tens digit of (-10)/(-4) - 3 - f/10?
4
Let f(q) = 19*q + 24*q - 13 - 42*q. Let g be f(14). Let u(z) = 41*z - 2. What is the units digit of u(g)?
9
Let t(b) be the first derivative of -b**4/4 + 3*b**3 + 7*b**2/2 - 4*b - 8. What is the tens digit of t(9)?
5
Suppose -5*w = -5*q + 20, -5*w = -4*w + 1. Let g = 17 + -20. Let y = q - g. What is the units digit of y?
6
Let w(v) = 6*v - 28. Let a be w(8). What is the tens digit of 84*6/a + 20/(-100)?
2
Let u = 3460 + -2363. What is the thousands digit of u?
1
Let d(a) = a**2 - 6*a - 3. Let u be d(7). Let b be -3 + (-32)/(u/(-4)). Suppose 5*c - 199 = -b. What is the units digit of c?
4
What is the tens digit of -613*(11 - 13 - 3)?
6
Let t(i) = -i**2 + 16*i + 28. Let z be t(9). Let h = z + -2. What is the tens digit of h?
8
Suppose 0 = -42*d + 10849 + 8555. What is the tens digit of d?
6
Let k(z) = z + 4. Let w be k(-2). Let m be 4/(((-60)/9)/(-5)). Suppose m*p + w*p = 115. What is the units digit of p?
3
Let z = 1363 + -795. What is the units digit of z?
8
Suppose 66*j - 1532 = 65*j. What is the hundreds digit of j?
5
Let w(g) = 64*g - 1. Let v(f) = -f**3 - f**2 + 2*f + 1. Let u be v(0). What is the tens digit of w(u)?
6
Suppose -4*k - 13674 = -57*k. What is the tens digit of k?
5
Suppose 0 = -5*k - 3*x + 4443, 2*x + 990 = 4*k - 2582. What is the tens digit of k?
9
Let y(m) = 24*m + 14. Let v(w) = -w. Let k(b) = -6*v(b) - y(b). What is the tens digit of k(-10)?
6
What is the units digit of (-3)/(-12)*(24 + 12)?
9
Suppose 0 = -2*t - 3*t + 5. Let v be -59 + t/((-3)/(-6)). Let n = -11 - v. What is the units digit of n?
6
Suppose -3*s - 4*w + 11722 = 0, 3 + 2 = -w. What is the thousands digit of s?
3
Suppose -5*h + 83 = -0*h + 4*a, -3*a + 51 = 3*h. Suppose 10*z + 35 = h*z. What is the units digit of z?
7
Let u(d) = -d**3 + 2*d**2 + 6*d - 5. Let p be u(3). Suppose v + p*h = 3*h + 119, 0 = 2*h + 10. What is the units digit of v?
4
Let i = 286 - 196. Suppose -18*x + 15*x = -i. What is the units digit of x?
0
Let w = -18 - 46. Let d = 76 + w. What is the tens digit of d?
1
Let c = -879 + 1535. What is the units digit of c?
6
Suppose -2*z - w + 29 = 0, 2*w + 14 = 2*z - 0*w. Suppose 3*r = -12, 0*r + z = 3*b - 3*r. What is the tens digit of b/(-1) + -14 + 25?
1
Let d(u) = -u**2 - 2*u + 3. Let b be d(2). What is the units digit of (-2 + 3 - 0/b)*2?
2
Let p be (-16)/(-72) - 32/(-18). Suppose -5*r = -3*z + 6*z - 107, -p*z - 2*r = -78. What is the tens digit of z?
4
Let o(w) be the third derivative of -7*w**6/40 + w**5/60 - 12*w**2. What is the tens digit of o(-1)?
2
Let i(a) = 23*a + 32. Let x(j) = -69*j - 95. Let r(b) = -7*i(b) - 2*x(b). What is the hundreds digit of r(-6)?
1
Let q be -140 - 2*(2 + -4). What is the units digit of (-6)/9 - q/6?
2
Let t(n) = -n**2 + 10*n + 8. Let z be t(8). Let v = 24 - z. Suppose -b = -v - 2. What is the units digit of b?
2
Let g(o) = o**3 - 12*o**2 + 21*o - 11. Let t be g(10). What is the tens digit of 2*t*1/((-12)/1182)?
9
Suppose -6*c = -4510 - 3734. What is the units digit of c?
4
Suppose 2*i = -3*i + 20. Suppose -i*h - 5 = 11. Let s(x) = -x + 9. What is the tens digit of s(h)?
1
Let b(m) = 27*m**2 - 13*m + 15. What is the tens digit of b(7)?
4
Suppose -23316 = -66*f + 60*f. What is the thousands digit of f?
3
Let m = -7 - -11. What is the tens digit of -4*(-3 - (650/m)/5)?
4
Let j = -4 - -1. Suppose -11 - 29 = -5*a. What is the units digit of j/2*a/(-6)?
2
Let k(n) = -1 + n - 3*n + 5. Let x be k(-4). Let c = 24 - x. What is the units digit of c